{"id":5,"date":"2020-03-06T12:49:28","date_gmt":"2020-03-06T12:49:28","guid":{"rendered":"http:\/\/birke30.mueller.technology\/?page_id=5"},"modified":"2020-03-06T13:00:29","modified_gmt":"2020-03-06T13:00:29","slug":"gruess-gott","status":"publish","type":"page","link":"http:\/\/birke30.mueller.technology\/","title":{"rendered":"Gr\u00fc\u00df Gott&#8230;"},"content":{"rendered":"\n<p>&#8230;im sch\u00f6nen Fischbachau in Ihrer Ferienwohnung &#8222;birke30&#8220;<\/p>\n\n\n\n<p>Die gem\u00fctliche Ferienwohnung&nbsp;ist zentral gelegen, in nur wenigen Gehminuten erreichen Sie die Touristeninfo, den Dorfladen, die Drogerie, den B\u00e4cker,&nbsp; mehrere Gasth\u00e4user, auch ein Arzt und eine Apotheke sowie 2 Banken befinden sich im Ort. Das bis \u00fcber die Tore Bayerns bekannte Cafe Winklst\u00fcberl, mit seiner gro\u00dfen und besonderen Kuchenauswahl liegt nur 2km entfernt.<\/p>\n\n\n\n<p>Im Sommer kann man das Warmfreibad und im Winter die Loipe bequem zu Fu\u00df erreichen.<\/p>\n\n\n\n<p>Es f\u00fchren viele Wanderwege in die Umgebung, von eben bis steil gibt es zahlreiche M\u00f6glichkeiten seiner Wanderlust freien Lauf zu lassen. Die Kapelle in Birkenstein ist ein beliebter Pilgerort, von dort aus kann man wundersch\u00f6ne Wanderungen durch die Natur starten, sei es zur Kesselalm, Schwaigeralm, dem Breitenstein oder dem Wendelstein.<\/p>\n\n\n\n<p>Genie\u00dfen Sie Ihren Urlaub im idyllischen Voralpenland am Fu\u00dfe des Breitenstein, im Urlaubsdreieck Fischbachau\/Bayrischzell\/Schliersee.<\/p>\n\n\n\n<figure class=\"wp-block-image\"><img decoding=\"async\" src=\"http:\/\/birke30.de\/images\/phocagallery\/start\/gruess_gott_small.jpg\" alt=\"Gr\u00fc\u00df Gott\"\/><\/figure>\n","protected":false},"excerpt":{"rendered":"<p>&#8230;im sch\u00f6nen Fischbachau in Ihrer Ferienwohnung &#8222;birke30&#8220; Die gem\u00fctliche Ferienwohnung&nbsp;ist zentral gelegen, in nur wenigen Gehminuten erreichen Sie die Touristeninfo, den Dorfladen, die Drogerie, den B\u00e4cker,&nbsp; mehrere Gasth\u00e4user, auch ein Arzt und eine Apotheke sowie 2 Banken befinden sich im Ort. Das bis \u00fcber die Tore Bayerns bekannte Cafe Winklst\u00fcberl, mit seiner gro\u00dfen und besonderen [&hellip;]<\/p>\n","protected":false},"author":1,"featured_media":0,"parent":0,"menu_order":0,"comment_status":"closed","ping_status":"closed","template":"","meta":{"ngg_post_thumbnail":0,"footnotes":""},"class_list":["post-5","page","type-page","status-publish","hentry","post-preview"],"_links":{"self":[{"href":"http:\/\/birke30.mueller.technology\/index.php?rest_route=\/wp\/v2\/pages\/5","targetHints":{"allow":["GET"]}}],"collection":[{"href":"http:\/\/birke30.mueller.technology\/index.php?rest_route=\/wp\/v2\/pages"}],"about":[{"href":"http:\/\/birke30.mueller.technology\/index.php?rest_route=\/wp\/v2\/types\/page"}],"author":[{"embeddable":true,"href":"http:\/\/birke30.mueller.technology\/index.php?rest_route=\/wp\/v2\/users\/1"}],"replies":[{"embeddable":true,"href":"http:\/\/birke30.mueller.technology\/index.php?rest_route=%2Fwp%2Fv2%2Fcomments&post=5"}],"version-history":[{"count":1,"href":"http:\/\/birke30.mueller.technology\/index.php?rest_route=\/wp\/v2\/pages\/5\/revisions"}],"predecessor-version":[{"id":6,"href":"http:\/\/birke30.mueller.technology\/index.php?rest_route=\/wp\/v2\/pages\/5\/revisions\/6"}],"wp:attachment":[{"href":"http:\/\/birke30.mueller.technology\/index.php?rest_route=%2Fwp%2Fv2%2Fmedia&parent=5"}],"curies":[{"name":"wp","href":"https:\/\/api.w.org\/{rel}","templated":true}]}}